se -11*g + t*g + 132 = 0. Let d = 32 + g. List the prime factors of d.
2, 3
Let x be (-16)/(-80) + (-509)/(-5). Let r = -117 + x. Let f = 118 + r. What are the prime factors of f?
103
Let a(x) = -2*x**3 + 17*x**2 - 13. Let n be a(8). Suppose 2*b + 3*c = 1190, 3*b + 48*c - 1800 = n*c. What are the prime factors of b?
2, 13, 23
Suppose 19*a - 113 = -75. What are the prime factors of 947/a + 21/14?
5, 19
Let x(n) = n**3 - 5*n**2 - 6*n - 9. Let c be x(4). What are the prime factors of (42/c)/(21/(-1372))?
2, 7
What are the prime factors of 2*1789 - (-93 - -98)?
3, 397
Let f be (-39)/(-3) + (-16)/4. Suppose 0 = -3*i + f - 3. Suppose 492 = 4*h - 4*l, -i*l + 120 = 2*h - h. List the prime factors of h.
2, 61
Suppose -n + 7 = 4*n + 3*u, 2*n - 3*u - 7 = 0. Suppose -3*g = 3*v - 4032, 54*v - n*g = 52*v + 2672. What are the prime factors of v?
2, 5, 67
Suppose -4*k + 11429 = -5*h - 1742, -2*k - h = -6561. What are the prime factors of k?
2, 821
Suppose 0 = 2*g + 2*h - 2, 0 = 5*g + 4*h - 8 + 2. List the prime factors of 3*(-1 - (g - (-350)/(-6))).
2, 83
Let a(v) = -1843*v + 3217. What are the prime factors of a(-8)?
3, 5987
Let a be -74*(2/(-6))/((-6)/(-9)). Let u = a + -38. What are the prime factors of -3 + ((-765)/(-3) - (u + 3))?
2, 5
Suppose -317*g + t = -315*g - 2101, -6*t - 2066 = -2*g. What are the prime factors of g?
2, 17, 31
Let w = -169 - -176. Suppose -2*i + 508 = 2*c, c = 2*i + i - 778. Suppose -w*v + i = -5*v. List the prime factors of v.
3, 43
Suppose -3*j = -2*j - 2290. Suppose -4*a = -9*a + j. Let w = -320 + a. What are the prime factors of w?
2, 3, 23
Suppose -2328 = -26*m + 14052. What are the prime factors of m*6/12 - -7?
2, 7, 23
Suppose -89*c + 897187 = -926779. List the prime factors of c.
2, 10247
Let u = -4124 - -4364. List the prime factors of u.
2, 3, 5
Let p = 104 + -101. Suppose 0 = 3*k + p*k - 822. List the prime factors of k.
137
Suppose 220376 + 93588 = 5*a + i, 5*i - 125627 = -2*a. What are the prime factors of a?
62791
Suppose -3*j + 190 = 5*s, 2*s - s - 26 = -3*j. Suppose -42*k = -s*k - 222. List the prime factors of k.
2, 3, 37
Let u(h) = 22*h - 29. Let q be u(13). Suppose -6*r = -139 - q. What are the prime factors of r?
2, 3, 11
Suppose -104*u = 70151 - 9311. Suppose -q - 1017 = 2*q. Let s = q - u. What are the prime factors of s?
2, 3, 41
Let f(r) = r**2 - 26*r + 24. Let l be (27/(-12))/((-15)/160). Let w be f(l). Let p = 112 + w. List the prime factors of p.
2, 11
Suppose -7*l - 3375 + 9793 = -6427. List the prime factors of l.
5, 367
Suppose -111458 = -5*d + h, 0 = -9*d - 60*h + 58*h + 200651. List the prime factors of d.
3, 2477
Suppose 509 = 3*o - z - 363, 876 = 3*o + 3*z. What are the prime factors of 4/(-2)*o/(-6)?
97
Suppose 42*u - 456 = 18*u. Let n(y) = -y**3 + y**2 - y. Let b(z) = -3*z**3 + 22*z**2 - 14*z + 18. Let w(a) = b(a) - 2*n(a). What are the prime factors of w(u)?
151
Suppose 4*q + 158 + 476 = -2*t, 629 = -4*q - 3*t. Let s = -27 - q. What are the prime factors of 2 + s - (-4)/(-1)?
2, 3, 11
Let r(o) = -83*o**3 - 21*o**2 - 86*o + 2. List the prime factors of r(-4).
2, 3, 887
Suppose -1 = g - 3, 4*g - 47 = -r. Let z = -35 + r. Suppose z*q - 416 = -2*s - 120, 5*s = q - 85. What are the prime factors of q?
3, 5
Suppose -2*d = 117 + 203. Let w = d + 994. List the prime factors of w.
2, 3, 139
Let n(k) = 2062*k - 9623. List the prime factors of n(32).
3, 18787
Let x(w) = -56*w + 6. Let q be x(5). Let h be -145*((-2)/(-1) + -1). Let m = h - q. What are the prime factors of m?
3, 43
Let p(q) = 3*q**2 + 3*q + 3. Let a be (4/(-6))/((-556)/138 - -4). Suppose 25*h = a*h - 14. List the prime factors of p(h).
3, 43
Suppose 4*z = 4*y - 12, 2*z - z = 3*y - 13. Let t(d) = -8*d + 50. Let l be t(y). Suppose 15*p - 445 = l*p. List the prime factors of p.
89
Let y = -12 + 14. Let l be ((-6 + 6)/(-2))/(y + 0). Suppose -4*n = 3*d - 147, -3*n - n = l. What are the prime factors of d?
7
Suppose 221*q = -128*q + 5515247. List the prime factors of q.
15803
Suppose -24*t - 6*t = 0. Suppose -4*n - 638 = 2*h - 2236, t = h + n - 796. List the prime factors of h.
13, 61
Suppose 149764 + 77276 = 20*o. What are the prime factors of o?
2, 3, 11, 43
Suppose 3*z + n - 69980 = 0, -z + 23316 = -52*n + 55*n. List the prime factors of z.
2, 3
Suppose -2*f - 3*f + 4*i = -40, i + 19 = 2*f. Let m = -6 + f. List the prime factors of 16*9/m*3.
2, 3
Let r(f) = 15*f**2 - 5*f - 11. Let u be r(-2). Let k(j) = j**3 - 58*j**2 - 49*j + 77. What are the prime factors of k(u)?
23, 29
Let o(z) = -123*z**3 - 3*z**2 - 6*z - 2. Let t be o(-2). Suppose -8*a + 3198 = t. Let w = a - 177. What are the prime factors of w?
2, 5
Let v(z) = 4*z - 10*z - 32*z**2 + 3 + 67*z**2 - 33*z**2. Let w be v(2). Let m = 66 + w. List the prime factors of m.
5, 13
Let h(s) = 2*s**2 - 74*s - 20. Let y be h(37). What are the prime factors of y*7/(-28)*2?
2, 5
Suppose 4*p + 45464 = 3*w, 0 = 4*p - 0*p - 28. List the prime factors of w.
2, 17, 223
Suppose -371 - 1168 = -3*t. Let y = t - 191. List the prime factors of y.
2, 7, 23
Let s(z) = -78*z**2 - z + 1. Let v = -5 + 0. Let j(p) = 79*p**2 + p - 1. Let r(d) = v*j(d) - 6*s(d). List the prime factors of r(1).
73
Suppose -s + q = -6*s + 977, 3*s - 589 = -2*q. Let l be (-7 + 29/3)*36. Let g = s - l. What are the prime factors of g?
3, 11
Suppose 5*r - 2*w - 46788 = 0, -3*r + 28076 = 44*w - 46*w. List the prime factors of r.
2, 2339
Suppose 13*g - 5*g - 17104 = 0. Let k = g - 1250. What are the prime factors of k?
2, 3, 37
Let y be (1490 - -3) + (3 - -1). Let v = y - -180. List the prime factors of v.
3, 13, 43
Let l = -209 - -587. Let o = 828 - l. What are the prime factors of o?
2, 3, 5
Let l = 3 + 5. Let i(c) = -c - 7. Let w be i(-5). List the prime factors of w/6 - l/3 - -155.
2, 19
Suppose -w - 2*h - 2 - 2 = 0, -4 = -4*w - 4*h. Suppose 2*j + 4*o = 4, 44*j - 42*j + 3*o - w = 0. What are the prime factors of j?
2, 3
What are the prime factors of 42/(-35)*10/(-8)*(5685 - -1)?
3, 2843
Let d = -91 - -101. Let h = 94 - d. What are the prime factors of h?
2, 3, 7
Suppose l = -5*s + 11, 0 = -s - 4*l + 2 + 4. Suppose 8*m - 659 = -s*d + 3*m, -5*d + 5*m = -1700. What are the prime factors of d?
337
What are the prime factors of ((-10139)/2)/(3/(-9) + (-27)/(-108))?
2, 3, 10139
Suppose -2*h - 2356 = -2*t, -5*t + 5897 = -9*h + 11*h. Let u = -217 + t. List the prime factors of u.
2, 13, 37
Let v(h) = -66 + 212 + 3*h - 30*h. What are the prime factors of v(-15)?
19, 29
Let h be (0 + 1)*(0 + 2). Let n(k) = 0 + 2*k - h + 3 - 28*k. List the prime factors of n(-2).
53
Let l(t) be the third derivative of t**4/8 + 17*t**3/6 - 49*t**2. Let n be l(-4). Suppose q - 38 = -2*v + 64, 501 = n*q + v. List the prime factors of q.
2, 5
Suppose -2*i + 604 = -3*l - 2910, 0 = 5*i + 2*l - 8823. Suppose -3*f = c - i, 16*c - 12*c - 20 = 0. What are the prime factors of f?
2, 293
Let c = 32369 - 18034. List the prime factors of c.
5, 47, 61
Suppose 5*h - 4*v - 125633 = 0, -1626 - 23512 = -h - 3*v. What are the prime factors of h?
13, 1933
Let r = -59 + 95. Let h be (42/9)/(2/3). Let m = r - h. What are the prime factors of m?
29
Suppose -5*x + 50 = 40. Suppose x*n + 2*i - 956 = -3*n, -5*i = -3*n + 555. List the prime factors of n.
2, 5, 19
Suppose -3*w = 9*w + 1020. Let l = w - -82. What are the prime factors of (l - 0/4) + 100?
97
Suppose -4*z + 18085 = c, 3*c - 54285 = -9*z + 12*z. What are the prime factors of c?
3, 37, 163
Let h(o) = -7*o**2 + 350*o - 87. What are the prime factors of h(20)?
3, 457
Let p = -49 - -58. Let j be (-272)/p - (-18)/81. What are the prime factors of (3/(j/(-76)))/((-25)/(-125))?
2, 19
Suppose -4 = j - 2. Let r(q) be the third derivative of -49*q**4/24 + q**2 - 8*q. List the prime factors of r(j).
2, 7
Suppose 0 = 4*l - 12 - 4. Suppose -3*a = -5*z + 10*z - 17, l*z = -2*a + 14. Suppose z*i + b = 2*i + 267, 0 = 5*b + 15. What are the prime factors of i?
3, 5
What are the prime factors of ((-16782)/(-4))/(59/118)?
3, 2797
List the prime factors of (4916/5)/((-344)/(-860)).
2, 1229
Let c(k) = k**3 + 3*k**2 - k + 1. Let h be c(-3). Suppose 2*x - 1932 = -h*x. Let w = x - 228. List the prime factors of w.
2, 47
Let i(c) = -36*c + 807. What are the prime factors of i(-88)?
3, 5, 53
Suppose 64 = -6*p + 10*p. Suppose -p = 7*t - 79. Suppose -4*h =